{"id":96,"date":"2016-10-23T11:32:15","date_gmt":"2016-10-23T09:32:15","guid":{"rendered":"http:\/\/zeitimraum.at\/new_wp\/?page_id=96"},"modified":"2025-05-16T15:07:48","modified_gmt":"2025-05-16T13:07:48","slug":"beratung","status":"publish","type":"page","link":"http:\/\/zeitimraum.at\/new_wp\/beratung\/","title":{"rendered":"GESUNDHEITSF\u00d6RDERUNG und PR\u00c4VENTION"},"content":{"rendered":"<p><strong><i>&#8222;\u00dcberhaupt aber beruhen neun Zehntel unseres Gl\u00fcckes allein auf der Gesundheit.\u00a0Mit ihr wird alles eine Quelle des Genusses, hingegen ist ohne sie kein \u00e4u\u00dferes Gut, welcher Art es auch sei, genie\u00dfbar.&#8220;<br \/>\n<\/i><\/strong><i><br \/>\n<\/i>[ARTHUR SCHOPENHAUER, 1788 &#8211; 1860]<\/p>\n<p><img loading=\"lazy\" decoding=\"async\" class=\"alignleft wp-image-203\" src=\"http:\/\/zeitimraum.at\/new_wp\/wp-content\/uploads\/2016\/11\/IMGP0081-300x225.jpg\" width=\"500\" height=\"375\" srcset=\"http:\/\/zeitimraum.at\/new_wp\/wp-content\/uploads\/2016\/11\/IMGP0081-300x225.jpg 300w, http:\/\/zeitimraum.at\/new_wp\/wp-content\/uploads\/2016\/11\/IMGP0081-768x576.jpg 768w, http:\/\/zeitimraum.at\/new_wp\/wp-content\/uploads\/2016\/11\/IMGP0081-1024x768.jpg 1024w, http:\/\/zeitimraum.at\/new_wp\/wp-content\/uploads\/2016\/11\/IMGP0081.jpg 1600w\" sizes=\"auto, (max-width: 500px) 100vw, 500px\" \/><\/p>\n<p>Das Individuum ist\u00a0eine untrennbare, sich st\u00e4ndig wandelnde Einheit von K\u00f6rper, Geist und Seele. Es ist selbst eingebettet in\u00a0eine sich fortw\u00e4hrend ver\u00e4ndernde Gesellschaft und\u00a0Umwelt.<\/p>\n<p>Das Fortschreiten der Entwicklung, die Zivilisation, verl\u00e4ngert einerseits unser Leben und beschert uns andererseits unterschiedlichste gesundheitliche Probleme:<br \/>\nimmer mehr Kinder verbringen den Gro\u00dfteil ihrer Zeit ohne Bewegung bei k\u00fcnstlichem Licht vor diversen Bildschirmen, leiden unter Haltungssch\u00e4den, Kurzsichtigkeit oder ADHS. \u00dcbergewicht, Diabetes, Burnout, Suchterkrankungen und Angstst\u00f6rungen breiten sich aus.<\/p>\n<p>Viele dieser St\u00f6rungen sind begr\u00fcndet in den Lebensbedingungen, die wir uns schaffen bzw. denen wir uns aussetzen. Denn alles ist untrennbar miteinander verbunden und voneinander abh\u00e4ngig. Aus dieser Bezogenheit ergeben sich auch vielf\u00e4ltige M\u00f6glichkeiten zur F\u00f6rderung der Gesundheit und Vorbeugung von Erkrankungen.<\/p>\n<p>Der <strong>Studienschwerpunkt Psychosomatik\u00a0<\/strong>zusammen mit der <strong>Spezialisierung als Gesundheitspsychologin<\/strong> bilden meine solide Basis f\u00fcr die spannende praktische und wissenschaftliche Arbeit im Bereich Gesundheitsf\u00f6rderung und Pr\u00e4vention.<\/p>\n<p><img loading=\"lazy\" decoding=\"async\" class=\"wp-image-1262 alignright\" src=\"http:\/\/zeitimraum.at\/new_wp\/wp-content\/uploads\/2020\/11\/Button-Gesundheitspartner.-300x300.png\" alt=\"\" width=\"139\" height=\"139\" srcset=\"http:\/\/zeitimraum.at\/new_wp\/wp-content\/uploads\/2020\/11\/Button-Gesundheitspartner.-300x300.png 300w, http:\/\/zeitimraum.at\/new_wp\/wp-content\/uploads\/2020\/11\/Button-Gesundheitspartner.-150x150.png 150w, http:\/\/zeitimraum.at\/new_wp\/wp-content\/uploads\/2020\/11\/Button-Gesundheitspartner..png 622w\" sizes=\"auto, (max-width: 139px) 100vw, 139px\" \/><\/p>\n<p>Als Gesundheitspartnerin der SVS\u00a0 (Gesundheitshunderter) biete ich<br \/>\nmit <strong>RESPECT YOURSELF <\/strong>ein\u00a03-teiliges Vorsorge-Programm zur<\/p>\n<ul>\n<li><b>Pr\u00e4vention von Burnout und F\u00f6rderung mentaler Gesundheit,<\/b><\/li>\n<li>das sich an alle, an Gesundheitsvorsorge Interessierten richtet und<\/li>\n<li style=\"text-align: left;\">hilft Einbahnstra\u00dfen zu erkennen und rechtzeitig gegenzusteuern.<\/li>\n<\/ul>\n","protected":false},"excerpt":{"rendered":"<p>&#8222;\u00dcberhaupt aber beruhen neun Zehntel unseres Gl\u00fcckes allein auf der Gesundheit.\u00a0Mit ihr wird alles eine Quelle des Genusses, hingegen ist ohne sie kein \u00e4u\u00dferes Gut, welcher Art es auch sei, genie\u00dfbar.&#8220; [ARTHUR SCHOPENHAUER, 1788 &#8211; 1860] Das Individuum ist\u00a0eine untrennbare, sich st\u00e4ndig wandelnde Einheit von K\u00f6rper, Geist und Seele. Es ist selbst eingebettet in\u00a0eine sich &#8230; <a title=\"GESUNDHEITSF\u00d6RDERUNG und PR\u00c4VENTION\" class=\"read-more\" href=\"http:\/\/zeitimraum.at\/new_wp\/beratung\/\">weiterlesen<\/a><\/p>\n","protected":false},"author":3,"featured_media":0,"parent":0,"menu_order":0,"comment_status":"closed","ping_status":"closed","template":"","meta":{"footnotes":""},"class_list":["post-96","page","type-page","status-publish"],"_links":{"self":[{"href":"http:\/\/zeitimraum.at\/new_wp\/wp-json\/wp\/v2\/pages\/96","targetHints":{"allow":["GET"]}}],"collection":[{"href":"http:\/\/zeitimraum.at\/new_wp\/wp-json\/wp\/v2\/pages"}],"about":[{"href":"http:\/\/zeitimraum.at\/new_wp\/wp-json\/wp\/v2\/types\/page"}],"author":[{"embeddable":true,"href":"http:\/\/zeitimraum.at\/new_wp\/wp-json\/wp\/v2\/users\/3"}],"replies":[{"embeddable":true,"href":"http:\/\/zeitimraum.at\/new_wp\/wp-json\/wp\/v2\/comments?post=96"}],"version-history":[{"count":59,"href":"http:\/\/zeitimraum.at\/new_wp\/wp-json\/wp\/v2\/pages\/96\/revisions"}],"predecessor-version":[{"id":1349,"href":"http:\/\/zeitimraum.at\/new_wp\/wp-json\/wp\/v2\/pages\/96\/revisions\/1349"}],"wp:attachment":[{"href":"http:\/\/zeitimraum.at\/new_wp\/wp-json\/wp\/v2\/media?parent=96"}],"curies":[{"name":"wp","href":"https:\/\/api.w.org\/{rel}","templated":true}]}}