{"id":34,"date":"2016-08-31T10:27:10","date_gmt":"2016-08-31T08:27:10","guid":{"rendered":"http:\/\/zeitimraum.at\/new_wp\/?page_id=34"},"modified":"2017-11-24T10:24:10","modified_gmt":"2017-11-24T09:24:10","slug":"psychotherapie-fuer-kinder-und-jugendliche","status":"publish","type":"page","link":"http:\/\/zeitimraum.at\/new_wp\/psychotherapie-fuer-kinder-und-jugendliche\/","title":{"rendered":"JUNGE MENSCHEN"},"content":{"rendered":"<p><strong><em>&#8222;Mit einer Kindheit voll Liebe aber kann man ein halbes Leben hindurch f\u00fcr die kalte Welt haushalten.&#8220;<\/em><\/strong><br \/>\n[JEAN PAUL, 1763-8125]<\/p>\n<p>&nbsp;<\/p>\n<p><img loading=\"lazy\" decoding=\"async\" class=\"alignright wp-image-506\" src=\"http:\/\/zeitimraum.at\/new_wp\/wp-content\/uploads\/2016\/08\/cropped-CIMG4603-198x300.jpg\" alt=\"cropped-CIMG4603.jpg\" width=\"246\" height=\"373\" srcset=\"http:\/\/zeitimraum.at\/new_wp\/wp-content\/uploads\/2016\/08\/cropped-CIMG4603-198x300.jpg 198w, http:\/\/zeitimraum.at\/new_wp\/wp-content\/uploads\/2016\/08\/cropped-CIMG4603.jpg 609w\" sizes=\"auto, (max-width: 246px) 100vw, 246px\" \/><\/p>\n<p>Ich bin zertifizierte S\u00e4uglings-, Kinder- und Jugendlichen-Psychotherapeutin gem\u00e4\u00df den Richtlinien des Bundesministeriums f\u00fcr Gesundheit. In meiner therapeutischen Arbeit mit Kindern und Jugendlichen finden die Termine je nach Problemlage und nach Alter des Kindes\u00a0gemeinsam mit den Eltern bzw. den Bezugspersonen statt oder allein mit dem Kind bzw.\u00a0Jugendlichen.<\/p>\n<p>H\u00e4ufig begebe ich mich mit jungen Menschen nach drau\u00dfen.<\/p>\n<p>Die Durchf\u00fchrung von therapeutischen Einheiten an den verschiedensten Orten des Alltags (zu Hause, Wohnumgebung, Schulweg) stellt bei der Behandlung von psychischen St\u00f6rungen im Kindes- und Jugendalter eine Besonderheit dar. Der unmittelbare Einblick in die Welt von Kindern und Jugendlichen erlaubt eine lebensnahe, pr\u00e4zise Diagnose. Die Erarbeitung von L\u00f6sungen an Schaupl\u00e4tzen des\u00a0daily life erleichtert die Umsetzung bzw. die Verankerung\u00a0neu erlernter\u00a0Verhaltensweisen\u00a0im Alltag und stellt ein besonders effektives Setting dar.<\/p>\n<p>Siehe auch: <strong><a href=\"http:\/\/zeitimraum.at\/new_wp\/familientherapie\/\">FAMILIE &amp; BEZIEHUNG<\/a><\/strong><\/p>\n","protected":false},"excerpt":{"rendered":"<p>&#8222;Mit einer Kindheit voll Liebe aber kann man ein halbes Leben hindurch f\u00fcr die kalte Welt haushalten.&#8220; [JEAN PAUL, 1763-8125] &nbsp; Ich bin zertifizierte S\u00e4uglings-, Kinder- und Jugendlichen-Psychotherapeutin gem\u00e4\u00df den Richtlinien des Bundesministeriums f\u00fcr Gesundheit. In meiner therapeutischen Arbeit mit Kindern und Jugendlichen finden die Termine je nach Problemlage und nach Alter des Kindes\u00a0gemeinsam mit &#8230; <a title=\"JUNGE MENSCHEN\" class=\"read-more\" href=\"http:\/\/zeitimraum.at\/new_wp\/psychotherapie-fuer-kinder-und-jugendliche\/\">weiterlesen<\/a><\/p>\n","protected":false},"author":4,"featured_media":0,"parent":0,"menu_order":0,"comment_status":"closed","ping_status":"closed","template":"","meta":{"footnotes":""},"class_list":["post-34","page","type-page","status-publish"],"_links":{"self":[{"href":"http:\/\/zeitimraum.at\/new_wp\/wp-json\/wp\/v2\/pages\/34","targetHints":{"allow":["GET"]}}],"collection":[{"href":"http:\/\/zeitimraum.at\/new_wp\/wp-json\/wp\/v2\/pages"}],"about":[{"href":"http:\/\/zeitimraum.at\/new_wp\/wp-json\/wp\/v2\/types\/page"}],"author":[{"embeddable":true,"href":"http:\/\/zeitimraum.at\/new_wp\/wp-json\/wp\/v2\/users\/4"}],"replies":[{"embeddable":true,"href":"http:\/\/zeitimraum.at\/new_wp\/wp-json\/wp\/v2\/comments?post=34"}],"version-history":[{"count":32,"href":"http:\/\/zeitimraum.at\/new_wp\/wp-json\/wp\/v2\/pages\/34\/revisions"}],"predecessor-version":[{"id":1324,"href":"http:\/\/zeitimraum.at\/new_wp\/wp-json\/wp\/v2\/pages\/34\/revisions\/1324"}],"wp:attachment":[{"href":"http:\/\/zeitimraum.at\/new_wp\/wp-json\/wp\/v2\/media?parent=34"}],"curies":[{"name":"wp","href":"https:\/\/api.w.org\/{rel}","templated":true}]}}